40679410.
2, 5, 23, 137, 1291
What are the prime factors of 44792559?
3, 7, 29, 24517
List the prime factors of 464720990.
2, 5, 46472099
What are the prime factors of 227087799?
3, 75695933
What are the prime factors of 238207651?
11, 179, 311, 389
What are the prime factors of 25458375?
3, 5, 29, 2341
List the prime factors of 208341122.
2, 11, 71, 83, 1607
What are the prime factors of 545098019?
545098019
List the prime factors of 64761514.
2, 23, 71, 79, 251
List the prime factors of 36540731.
36540731
What are the prime factors of 961347?
3, 320449
What are the prime factors of 27920664?
2, 3, 17, 22811
List the prime factors of 1146524067.
3, 13, 9799351
List the prime factors of 75706893.
3, 311551
List the prime factors of 130683238.
2, 7, 9334517
List the prime factors of 889002374.
2, 13, 34192399
What are the prime factors of 44919427?
7, 157, 5839
List the prime factors of 899377608.
2, 3, 4831, 7757
What are the prime factors of 4519961829?
3, 139, 3613079
What are the prime factors of 4916209?
1697, 2897
List the prime factors of 304932889.
433, 704233
List the prime factors of 6356638232.
2, 7, 17, 523, 751
What are the prime factors of 52886548?
2, 11, 13, 92459
What are the prime factors of 560946332?
2, 140236583
List the prime factors of 1881724878.
2, 3, 11, 59, 53693
List the prime factors of 3170509374.
2, 3, 528418229
What are the prime factors of 2814430165?
5, 562886033
List the prime factors of 1222258972.
2, 11, 167, 181, 919
What are the prime factors of 321466285?
5, 7, 23, 241, 1657
What are the prime factors of 46869410?
2, 5, 7, 139, 4817
List the prime factors of 969315558.
2, 3, 161552593
What are the prime factors of 3542227396?
2, 885556849
List the prime factors of 89594001.
3, 7, 29023
What are the prime factors of 1221885370?
2, 5, 17, 1321, 5441
List the prime factors of 74294749.
1327, 55987
List the prime factors of 206242208.
2, 131, 49199
List the prime factors of 363018271.
7, 11, 47, 829
List the prime factors of 35454305.
5, 7090861
What are the prime factors of 354156256?
2, 43, 257381
List the prime factors of 35137662.
2, 3, 7, 836611
List the prime factors of 57575540.
2, 5, 11, 261707
What are the prime factors of 4767872674?
2, 2383936337
List the prime factors of 259087243.
31, 139, 60127
What are the prime factors of 40412489?
13, 733, 4241
What are the prime factors of 30703816?
2, 11, 13, 26839
List the prime factors of 8751185.
5, 29, 60353
What are the prime factors of 756144984?
2, 3, 7, 101, 44563
What are the prime factors of 277979062?
2, 293, 1619
What are the prime factors of 79185490?
2, 5, 17, 465797
List the prime factors of 4678187.
4678187
What are the prime factors of 163427141?
163427141
What are the prime factors of 2504329991?
2504329991
What are the prime factors of 89237314?
2, 44618657
What are the prime factors of 51284656?
2, 3205291
What are the prime factors of 421919699?
647, 652117
What are the prime factors of 65233984?
2, 1019281
What are the prime factors of 1222401731?
1222401731
List the prime factors of 1579613.
7, 32237
What are the prime factors of 38837956?
2, 307, 31627
List the prime factors of 77943662.
2, 19, 191, 10739
What are the prime factors of 1587575501?
163, 173, 56299
What are the prime factors of 3611002545?
3, 5, 233, 114799
List the prime factors of 56697413.
1163, 48751
What are the prime factors of 3898078471?
7, 29, 19202357
What are the prime factors of 29618648?
2, 37, 47, 2129
List the prime factors of 2003250058.
2, 1001625029
What are the prime factors of 46416600?
2, 3, 5, 107, 241
What are the prime factors of 856350316?
2, 17, 67, 101, 1861
List the prime factors of 1549625752.
2, 17, 337, 33811
What are the prime factors of 46726662?
2, 3, 19, 23, 71, 251
What are the prime factors of 121350630?
2, 3, 5, 569, 7109
List the prime factors of 2344110401.
2344110401
List the prime factors of 87778679.
29, 3026851
What are the prime factors of 8746028294?
2, 421, 10387207
What are the prime factors of 24452580?
2, 3, 5, 127, 3209
What are the prime factors of 9825806?
2, 4912903
What are the prime factors of 600192537?
3, 7, 1171, 24407
List the prime factors of 19556572.
2, 7, 37, 43, 439
What are the prime factors of 2277464163?
3, 13, 23, 29, 3019
What are the prime factors of 939758830?
2, 5, 5849, 16067
List the prime factors of 2931362883.
3, 19, 31, 552983
What are the prime factors of 3371365334?
2, 37, 45558991
List the prime factors of 8201007.
3, 33749
What are the prime factors of 69707335?
5, 73, 190979
List the prime factors of 50980870.
2, 5, 5098087
What are the prime factors of 433807297?
7, 11, 19, 296519
List the prime factors of 94915157.
397, 239081
What are the prime factors of 387502486?
2, 7, 379, 10433
What are the prime factors of 223580510?
2, 5, 22358051
List the prime factors of 1802119152.
2, 3, 37544149
List the prime factors of 1083890925.
3, 5, 13, 370561
List the prime factors of 2862359840.
2, 5, 193, 92693
List the prime factors of 1146378193.
1146378193
List the prime factors of 1121688267.
3, 7, 53413727
List the prime factors of 419799958.
2, 47, 4465957
List the prime factors of 200091274.
2, 100045637
List the prime factors of 540625704.
2, 3, 17, 1325063
What are the prime factors of 2641651492?
2, 12113, 54521
What are the prime factors of 96074038?
2, 17, 97, 29131
What are the prime factors of 32210693?
97, 332069
List the prime factors of 114724338.
2, 3, 149, 128327
What are the prime factors of 142591078?
2, 7, 1455011
List the prime factors of 39727387.
7, 810763
What are the prime factors of 17282803?
17282803
What are the prime factors of 46278152?
2, 229, 25261
What are the prime factors of 82039673?
82039673
What are the prime factors of 8914945082?
2, 821, 5429321
List the prime factors of 594117521.
24223, 24527
List the prime factors of 127933337.
7, 23, 149, 5333
What are the prime factors of 12629509?
19, 664711
What are the prime factors of 897453612?
2, 3, 11, 206027
List the prime factors of 24737241.
3, 8245747
List the prime factors of 360231960.
2, 3, 5, 11, 272903
List the prime factors of 2064452942.
2, 19, 71, 173, 4423
What are the prime factors of 80678436?
2, 3, 71, 94693
What are the prime factors of 41185648?
2, 7, 41, 8969
What are the prime factors of 7038918501?
3, 83, 28268749
What are the prime factors of 2218182343?
13, 47, 167, 21739
What are the prime factors of 1436219890?
2, 5, 7, 47, 59, 151
What are the prime factors of 2540857079?
14033, 181063
What are the prime factors of 28391765?
5, 37, 153469
List the prime factors of 914028501.
3, 37, 1823, 4517
List the prime factors of 4993808804.
2, 1248452201
What are the prime factors of 353064320?
2, 5, 7, 78809
List the prime factors of 27716445.
3, 5, 205307
List the prime factors of 31675380.
2, 3, 5, 11, 4363
List the prime factors of 557987883.
3, 2551, 72911
List the prime factors of 3167010478.
2, 17, 19, 41, 109, 1097
What are the prime factors of 166024016?
2, 1091, 9511
List the prime factors of 137767775.
5, 5510711
What are the prime factors of 382275528?
2, 3, 1181, 13487
List the prime factors of 1778702725.
5, 71148109
List the prime factors of 46776676.
2, 1913, 6113
List the prime factors of 2184960467.
223, 1979, 4951
List the prime factors of 1069926672.
2, 3, 89, 250451
List the prime factors of 3558177721.
7, 508311103
List the prime factors of 37326607.
1217, 30671
List the prime factors of 8313377730.
2, 3, 5, 7, 5655359
List the prime factors of 21037427.
19, 397, 2789
What are the prime factors of 174790285?
5, 71, 647, 761
List the prime factors of 167916153.
3, 55972051
What are the prime factors of 35940947?
7, 29, 47, 3767
List the prime factors of 7015906241.
7015906241
List the prime factors of 228169844.
2, 7, 23, 354301
What are the prime factors of 209176526?
2, 13, 1889, 4259
List the prime factors of 98046560.
2, 5, 612791
What are the prime factors of 791590696?
2, 13, 7611449
What are the prime factors of 485467423?
7, 19, 547, 6673
What are the prime factors of 6321456280?
2, 5, 53, 2981819
List the prime factors of 5965317186.
2, 3, 20029, 49639
List the prime factors of 29452300.
2, 5, 294523
What are the prime factors of 1092896936?
2, 136612117
What are 